 the greatest common factor of w and 7.
7
Let h = -1 - -6. Suppose -h*g + 401 = -2*o + 41, -4*g = o - 275. What is the greatest common divisor of 14 and g?
14
Let t(b) = b**2 - 10*b + 16. Let g be t(12). Suppose 0*l + 4*l = g. Let f(c) = 4*c**2 + 8*c - 6. Let s be f(-6). What is the greatest common divisor of l and s?
10
Suppose d - 2*h + 0*h = 34, -d + 49 = h. What is the highest common divisor of 110 and d?
22
Let c be (-76)/(-20) - 1/(-5). Suppose -5*f = -c - 6. Let l(w) = -w**2 - 10*w - 10. Let h be l(-8). Calculate the highest common factor of f and h.
2
Suppose -2*s - 20 = 3*s. Let c = s + 8. What is the greatest common factor of c and 32?
4
Let s = -40 - -71. What is the greatest common divisor of 279 and s?
31
Let n be 1/(-2) - 54/(-4). Suppose 0*l - 4*t = 2*l - 122, 69 = l - 2*t. What is the highest common divisor of n and l?
13
Suppose y + l = -3*l + 678, 0 = -3*l - 3. Let k = y + -271. Suppose k = 4*t - v + 113, -2*t = v - 152. Calculate the highest common divisor of 15 and t.
15
Suppose 4*o = -2 - 2. Let p be ((-2)/o)/(3/9). Let y be 90/(-4)*(-24)/p. Calculate the highest common factor of 10 and y.
10
Let m be ((-18)/(-8))/(7/(-28)). Let d = 94 + m. Calculate the greatest common divisor of d and 34.
17
Let r be (-52 + -5)*3/(-9). What is the greatest common divisor of r and 152?
19
Suppose 6*c - 8 = 4*c. Let v be 5*(0 - (-4)/c). What is the greatest common factor of v and 1?
1
Let f(a) = a**2 + 6*a - 13. Let p be f(-11). Let z = 59 - p. Let w = 53 - z. What is the highest common factor of 4 and w?
4
Let w(n) = 2*n**2 - 9*n + 2. Let v be w(6). Suppose 0*c - 3*c = -4*i - 28, -v = -2*c + 3*i. What is the highest common factor of 1 and c?
1
Suppose -7 = -3*y + 5, -6 = -3*d + 3*y. Suppose d*u = 2*u + 12. Suppose u*w = -0*w + 3*r + 66, 3*r = 5*w - 114. Calculate the highest common divisor of w and 8.
8
Let k(f) = f**3 - 10*f - 8. Let g be k(4). Calculate the greatest common divisor of 40 and g.
8
Let l = -4 - -6. Let i(r) = r**3 + 5*r**2 - 5*r + 8. Let o be i(-6). Calculate the highest common divisor of o and l.
2
Suppose 7*q - 9 = 4*q. Suppose -3*a - a - 6 = 2*d, -d = 3. Suppose a = s - 2, s - 2*s = -c + q. Calculate the highest common divisor of 5 and c.
5
Suppose 0 = 4*l - 96 - 24. What is the highest common factor of l and 15?
15
Let w(p) = 3*p**2 + 2*p + 3. Let y be w(-2). Let b(c) = c**2 + 3*c + 4. Let m be b(-6). Calculate the highest common divisor of m and y.
11
Suppose -2*c + 212 = 4*l, -2*c = -5*l + c + 287. Let r(u) = 17*u. Let q be r(4). Let d be q/3 - (-4)/(-6). Calculate the greatest common divisor of l and d.
11
Suppose -g - 4 = 1, 4*m + 4*g = -12. Suppose r - 33 = -m*r. Calculate the greatest common divisor of 99 and r.
11
Suppose 4*s - 8*s = -864. Suppose o = -3*o + s. Let g be (-9)/(315/10) - 44/(-7). Calculate the greatest common factor of g and o.
6
Let g(d) = d**3 - 4*d**2 - 4*d - 4. Let m be g(5). Let w be ((-2)/(-4))/(m/22). Suppose 4*q - 101 = 31. What is the greatest common factor of q and w?
11
Let w(r) = -11*r**3 + 4*r**2 - 3*r - 11. Let n be w(-2). What is the greatest common divisor of n and 132?
33
Let z(o) = 21*o - 83. Let x be z(5). What is the greatest common divisor of 33 and x?
11
Let g(w) = -w**3 + 4*w**2 + 1. Let t(m) = -m + 17. Let r be t(14). Let n be g(r). Calculate the highest common factor of 110 and n.
10
Let y = -13 - -18. Let x = -7 + 5. Let c be (10/(-2))/(2/x). What is the greatest common factor of y and c?
5
Suppose -f = 2*n + 5, -f + 2*f = 5*n + 9. Let k = n + 3. Let l be 2/4*(3 + 15). What is the greatest common divisor of k and l?
1
Let j be 1/(-2)*0/(-4). Suppose b - 60 = -j*b. Calculate the greatest common factor of b and 15.
15
Let w be (-4)/(-6) - 285/(-45). Let b be (-46)/(-6) - (-2)/(-3). What is the greatest common divisor of w and b?
7
Let n(w) = w**2 + 8*w + 8. Let b be n(-11). Calculate the greatest common factor of 205 and b.
41
Suppose 4*m + 577 - 17 = 0. Let l be (-288)/(-28)*m/(-6). What is the highest common factor of 30 and l?
30
Let u be (-5)/((-60)/963) + (-6)/24. Calculate the greatest common factor of u and 32.
16
Let w be (-168)/20*(-5)/2. Calculate the greatest common divisor of 21 and w.
21
Let g(d) = 3*d + 1. Let c be g(1). Suppose 3*t + 4*y = 87, 2*y - 92 = -c*t + 34. What is the highest common divisor of 11 and t?
11
Let r = -13 + -4. Let n be 193/8 - r/(-136). Calculate the greatest common divisor of n and 6.
6
Let z(j) = -j**3 - 6*j**2 + 4*j - 5. Let t be z(-7). What is the greatest common divisor of t and 16?
16
Let h(z) = z**3 + 17*z**2 - 17*z + 19. Let l be h(-18). Calculate the greatest common divisor of 11 and l.
1
Let a = 205 - 88. Calculate the highest common factor of a and 13.
13
Let b be 2300/18 - (-2)/9. Calculate the greatest common factor of b and 32.
32
Suppose -5*f + 1 + 24 = 0. Suppose -2*a = f*m - 174, m = -2*m + a + 111. Calculate the highest common divisor of m and 24.
12
Let o = -29 - -17. Let b = -7 - o. Calculate the highest common factor of 1 and b.
1
Let o(w) = -3*w - 6. Let j be o(-3). Let q be j*(2*-2)/(-1). What is the highest common divisor of q and 18?
6
Suppose 2*u - 3*o = 210, 2*u + 4*o = 5*o + 210. What is the greatest common factor of u and 21?
21
Let d be (20/(-6))/(18/(-297)). Let h(l) = -l + 6. Let a be h(5). Let r be (7/a - 2)/1. What is the highest common factor of d and r?
5
Suppose 0 = -6*c + 15 + 57. What is the greatest common divisor of c and 18?
6
Suppose -66 = 2*b - 0*b + 5*m, -4*m - 30 = b. Let n = b + 69. Calculate the highest common factor of 31 and n.
31
Suppose 0 = -0*f - 5*f + 60. What is the highest common factor of 24 and f?
12
Suppose -2*d + d = -90. Let w = 7 + -10. Let x be ((-18)/(-7))/(w/(-21)). Calculate the highest common divisor of d and x.
18
Suppose 4*w - 49 + 9 = 2*t, 5*t - 4*w + 130 = 0. Let y = 58 + t. Calculate the greatest common divisor of y and 4.
4
Let w = 38 - 40. Let m be (2 - 1) + 1 - -13. Let i be m + 3/(-3) + w. What is the highest common divisor of 108 and i?
12
Suppose 0 = -5*b - 2*h + 154, 3*h = 3*b - 2*h - 80. Let z = -19 + 34. Calculate the highest common factor of z and b.
15
Suppose -c = c, 0 = -2*j + 5*c + 60. Suppose 0 = 4*g - j - 14. What is the greatest common factor of 1 and g?
1
Let u be 81/(-12)*(-1 - 3). What is the highest common divisor of 9 and u?
9
Let f = 130 - 97. What is the greatest common factor of 11 and f?
11
Suppose 4*a + 3*f - 9 = 0, -5*a + f = -13 - 3. Suppose -m = -y - 4*y - 109, -247 = -a*m - y. Let q = 26 + -14. Calculate the highest common factor of q and m.
12
Let s = -44 - -62. Calculate the highest common divisor of 45 and s.
9
Suppose 2*k - 3*y = 12, 0*y = k - 4*y - 16. Suppose 3*o + k = 18. What is the highest common factor of 66 and o?
6
Suppose 151 = 4*b + r - 25, 3*b = r + 139. Suppose 6*o + b = 5*p + o, 2*p - 14 = 4*o. What is the highest common divisor of p and 22?
11
Let s(t) be the first derivative of -t**4/4 - 8*t**3/3 + 4*t**2 - 4*t - 1. Let u be s(-9). What is the highest common factor of u and 40?
5
Let s = -77 - -45. Let g be 0*3/9 - s. Calculate the highest common factor of g and 16.
16
Let j be 6/(-9)*(0 - 78). What is the highest common factor of j and 13?
13
Suppose -2*g + 3*g = 200. What is the greatest common factor of 25 and g?
25
Let y(r) = 5*r**2 + r - 1. Let i be y(1). Let x be (-10)/(-8)*(i - 1). Calculate the highest common factor of x and 35.
5
Let p be (1/(-2))/(3/(-12)). What is the highest common factor of 10 and p?
2
Suppose 4*z + 2 = 34. What is the highest common factor of z and 64?
8
Let o = -84 + 109. Calculate the highest common factor of 175 and o.
25
Suppose 0 = 3*v + 5*o + 128, -3*v + 2*o - 120 = -o. Let d = -29 - v. Calculate the greatest common factor of 4 and d.
4
Let d = 2 - 0. Suppose -4*c - 7 = -o - 4, d*c - 6 = -2*o. Suppose -l - 23 = -n, -2*l = -5*n - 4*l + 143. Calculate the highest common factor of o and n.
3
Suppose g - 23 = -g - u, 0 = u + 3. What is the greatest common factor of 13 and g?
13
Let v be ((-172)/3)/(-4) + (-8)/6. Calculate the greatest common divisor of 169 and v.
13
Let a(f) = f**3 - 9*f**2 + 9*f + 6. Let n be a(8). Let u be ((-42)/15)/(1/(-55)). Calculate the greatest common divisor of u and n.
14
Suppose -5*k + 0*k - 20 = 0. Let q be k*(3/(-4))/1. Let o = q + 3. What is the gre